 by 374400.
6
What is the remainder when 692940 is divided by 822?
816
Calculate the remainder when 10804 is divided by 2700.
4
Calculate the remainder when 1813525 is divided by 374.
373
Calculate the remainder when 40302 is divided by 13430.
12
What is the remainder when 2353 is divided by 2327?
26
What is the remainder when 8768 is divided by 162?
20
What is the remainder when 21998 is divided by 21974?
24
Calculate the remainder when 83263 is divided by 34.
31
Calculate the remainder when 141032 is divided by 8294.
34
Calculate the remainder when 9764 is divided by 66.
62
Calculate the remainder when 4024 is divided by 3005.
1019
Calculate the remainder when 99904 is divided by 51.
46
Calculate the remainder when 1608 is divided by 1608.
0
Calculate the remainder when 139620 is divided by 56.
12
What is the remainder when 19533 is divided by 9756?
21
Calculate the remainder when 23621 is divided by 45.
41
Calculate the remainder when 3337 is divided by 603.
322
Calculate the remainder when 3201 is divided by 119.
107
What is the remainder when 123718 is divided by 41237?
7
Calculate the remainder when 64251 is divided by 67.
65
What is the remainder when 85181 is divided by 13?
5
What is the remainder when 132251 is divided by 89?
86
Calculate the remainder when 14334 is divided by 20.
14
What is the remainder when 60514 is divided by 60494?
20
Calculate the remainder when 698 is divided by 219.
41
Calculate the remainder when 380004 is divided by 32.
4
Calculate the remainder when 17471 is divided by 5813.
32
Calculate the remainder when 1255 is divided by 209.
1
Calculate the remainder when 264157 is divided by 17610.
7
Calculate the remainder when 4242 is divided by 2116.
10
What is the remainder when 19835 is divided by 51?
47
What is the remainder when 20489 is divided by 3379?
215
What is the remainder when 21859 is divided by 1284?
31
Calculate the remainder when 1455325 is divided by 4.
1
Calculate the remainder when 83168 is divided by 66.
8
What is the remainder when 4313 is divided by 120?
113
What is the remainder when 227494 is divided by 510?
34
What is the remainder when 8093 is divided by 7888?
205
What is the remainder when 1747 is divided by 906?
841
Calculate the remainder when 1520074 is divided by 38.
36
What is the remainder when 43418 is divided by 620?
18
What is the remainder when 166684 is divided by 53?
52
Calculate the remainder when 165161 is divided by 1007.
13
What is the remainder when 165751 is divided by 926?
923
Calculate the remainder when 140624 is divided by 533.
445
Calculate the remainder when 510 is divided by 40.
30
Calculate the remainder when 1489 is divided by 135.
4
Calculate the remainder when 1168 is divided by 2.
0
What is the remainder when 40472 is divided by 29?
17
What is the remainder when 51548 is divided by 409?
14
Calculate the remainder when 6802292 is divided by 552.
548
What is the remainder when 659114 is divided by 13451?
15
Calculate the remainder when 10991 is divided by 522.
29
What is the remainder when 3285 is divided by 288?
117
What is the remainder when 242187 is divided by 199?
4
Calculate the remainder when 255339 is divided by 351.
162
What is the remainder when 7393 is divided by 6871?
522
What is the remainder when 55504 is divided by 18501?
1
Calculate the remainder when 19054 is divided by 18913.
141
Calculate the remainder when 943 is divided by 24.
7
Calculate the remainder when 167 is divided by 9.
5
Calculate the remainder when 1265 is divided by 133.
68
Calculate the remainder when 623611 is divided by 672.
667
Calculate the remainder when 2058 is divided by 872.
314
Calculate the remainder when 2998 is divided by 71.
16
Calculate the remainder when 654927 is divided by 90.
87
Calculate the remainder when 165317 is divided by 686.
677
Calculate the remainder when 1691191 is divided by 755.
746
What is the remainder when 2578 is divided by 7?
2
Calculate the remainder when 6061 is divided by 192.
109
Calculate the remainder when 228976 is divided by 14.
6
Calculate the remainder when 576 is divided by 157.
105
Calculate the remainder when 17282 is divided by 2344.
874
What is the remainder when 14119 is divided by 113?
107
Calculate the remainder when 67468 is divided by 26.
24
What is the remainder when 4038 is divided by 572?
34
Calculate the remainder when 6869 is divided by 1373.
4
What is the remainder when 96721 is divided by 9?
7
What is the remainder when 120059 is divided by 174?
173
What is the remainder when 77467 is divided by 22?
5
What is the remainder when 6388 is divided by 45?
43
What is the remainder when 338884 is divided by 50?
34
What is the remainder when 20018 is divided by 213?
209
What is the remainder when 3732348 is divided by 85?
83
Calculate the remainder when 10289 is divided by 1713.
11
Calculate the remainder when 1609 is divided by 159.
19
Calculate the remainder when 12834 is divided by 2139.
0
Calculate the remainder when 22980 is divided by 18.
12
Calculate the remainder when 116781 is divided by 251.
66
What is the remainder when 14209 is divided by 2358?
61
What is the remainder when 2062 is divided by 122?
110
Calculate the remainder when 821 is divided by 410.
1
Calculate the remainder when 3894 is divided by 66.
0
Calculate the remainder when 17377 is divided by 17370.
7
Calculate the remainder when 97323 is divided by 22.
17
What is the remainder when 8035 is divided by 1131?
118
What is the remainder when 9913 is divided by 620?
613
Calculate the remainder when 4848 is divided by 3826.
1022
What is the remainder when 1207531 is divided by 74?
73
What is the remainder when 697943 is divided by 24?
23
Calculate the remainder when 8188 is divided by 78.
76
What is the remainder when 263359 is divided by 80?
79
What is the remainder when 61493 is divided by 30724?
45
Calculate the remainder when 73909 is divided by 462.
451
Calculate the remainder when 7574 is divided by 1840.
214
Calculate the remainder when 8516 is divided by 879.
605
What is the remainder when 5431 is divided by 1837?
1757
What is the remainder when 234828 is divided by 31?
3
What is the remainder when 2835 is divided by 589?
479
What is the remainder when 385680 is divided by 48?
0
What is the remainder when 112659 is divided by 931?
8
What is the remainder when 223627 is divided by 209?
206
What is the remainder when 3343 is divided by 1119?
1105
What is the remainder when 2342 is divided by 138?
134
Calculate the remainder when 11393 is divided by 217.
109
Calculate the remainder when 6769 is divided by 316.
133
Calculate the remainder when 15387 is divided by 593.
562
Calculate the remainder when 84252 is divided by 42119.
14
Calculate the remainder when 394683 is divided by 394679.
4
Calculate the remainder when 158530 is divided by 152.
146
What is the remainder when 4874 is divided by 160?
74
Calculate the remainder when 34385 is divided by 1368.
185
Calculate the remainder when 2393853 is divided by 768.
765
What is the remainder when 412 is divided by 205?
2
Calculate the remainder when 472 is divided by 15.
7
Calculate the remainder when 17171 is divided by 19.
14
What is the remainder when 162529 is divided by 767?
692
What is the remainder when 3431 is divided by 1696?
39
Calculate the remainder when 2720 is divided by 124.
116
Calculate the remainder when 251877 is divided by 8.
5
Calculate the remainder when 11561 is divided by 320.
41
Calculate the remainder when 705 is divided by 213.
66
What is the remainder when 152790 is divided by 749?
743
What is the remainder when 170932 is divided by 67?
15
Calculate the remainder when 4210854 is divided by 988.
986
Calculate the remainder when 1844126 is divided by 42.
32
Calculate the remainder when 21088 is divided by 71.
1
What is the remainder when 4618 is divided by 3434?
1184
Calculate the remainder when 4886 is divided by 364.
154
Calculate the remainder when 50457 is divided by 17.
1
Calculate the remainder when 622907 is divided by 52.
51
Calculate the remainder when 6580 is divided by 732.
724
Calculate the remainder when 490020 is divided by 22.
14
What is the remainder when 712851 is divided by 129?
126
Calculate the remainder when 682 is divided by 24.
10
What is the remainder 